{"id":18842,"date":"2022-08-21T22:54:40","date_gmt":"2022-08-21T22:54:40","guid":{"rendered":"https:\/\/photographer.lu\/photo\/chateau-de-vianden\/"},"modified":"2023-09-28T13:31:28","modified_gmt":"2023-09-28T13:31:28","slug":"chateau-de-vianden","status":"publish","type":"product","link":"https:\/\/photographer.lu\/fr\/photo\/chateau-de-vianden\/","title":{"rendered":"Ch\u00e2teau de Vianden"},"content":{"rendered":"<p>Le ch\u00e2teau de Vianden photographi\u00e9 par un matin d&rsquo;\u00e9t\u00e9 brumeux avec un ciel bleu au-dessus de la for\u00eat dans la r\u00e9gion des Ardennes (\u00c9islek ou \u00d6sling) au Luxembourg.<\/p>\n<p>Cette image est disponible sous licence en t\u00e9l\u00e9chargement num\u00e9rique.<\/p>\n<p>Des tirages limit\u00e9s et des tirages libres sont disponibles.<\/p>\n","protected":false},"excerpt":{"rendered":"<p>Ch\u00e2teau de Vianden dans un matin brumeux d&rsquo;\u00e9t\u00e9<\/p>\n","protected":false},"featured_media":18155,"comment_status":"open","ping_status":"closed","template":"","meta":{"pgc_sgb_lightbox_settings":""},"product_brand":[],"product_cat":[703,702],"product_tag":[707,710,705,709,708,706],"class_list":{"0":"post-18842","1":"product","2":"type-product","3":"status-publish","4":"has-post-thumbnail","6":"product_cat-luxembourg-images-fr","7":"product_cat-tirages-dart","8":"product_tag-chateaux-du-luxembourg","9":"product_tag-grand-duche","10":"product_tag-imprime","11":"product_tag-le-grand-duche-de-luxembourg","12":"product_tag-paysages","13":"product_tag-vianden-fr","14":"product_shipping_class-imprimes","16":"first","17":"instock","18":"taxable","19":"shipping-taxable","20":"purchasable","21":"product-type-variable"},"featured_image_urls_v2":{"full":["https:\/\/photographer.lu\/wp-content\/uploads\/2022\/08\/8402_L_VIO_7091_Vianden-castle-summer.webp",1200,800,false],"thumbnail":["https:\/\/photographer.lu\/wp-content\/uploads\/2022\/08\/8402_L_VIO_7091_Vianden-castle-summer-550x367.webp",550,367,true],"medium":["https:\/\/photographer.lu\/wp-content\/uploads\/2022\/08\/8402_L_VIO_7091_Vianden-castle-summer-300x200.webp",300,200,true],"medium_large":["https:\/\/photographer.lu\/wp-content\/uploads\/2022\/08\/8402_L_VIO_7091_Vianden-castle-summer-768x512.webp",768,512,true],"large":["https:\/\/photographer.lu\/wp-content\/uploads\/2022\/08\/8402_L_VIO_7091_Vianden-castle-summer.webp",1200,800,false],"1536x1536":["https:\/\/photographer.lu\/wp-content\/uploads\/2022\/08\/8402_L_VIO_7091_Vianden-castle-summer.webp",1200,800,false],"2048x2048":["https:\/\/photographer.lu\/wp-content\/uploads\/2022\/08\/8402_L_VIO_7091_Vianden-castle-summer.webp",1200,800,false],"woocommerce_archive_thumbnail":["https:\/\/photographer.lu\/wp-content\/uploads\/2022\/08\/8402_L_VIO_7091_Vianden-castle-summer-600x400.webp",600,400,true],"mailpoet_newsletter_max":["https:\/\/photographer.lu\/wp-content\/uploads\/2022\/08\/8402_L_VIO_7091_Vianden-castle-summer.webp",1200,800,false],"woocommerce_thumbnail":["https:\/\/photographer.lu\/wp-content\/uploads\/2022\/08\/8402_L_VIO_7091_Vianden-castle-summer-600x400.webp",600,400,true],"woocommerce_single":["https:\/\/photographer.lu\/wp-content\/uploads\/2022\/08\/8402_L_VIO_7091_Vianden-castle-summer.webp",1200,800,false],"woocommerce_gallery_thumbnail":["https:\/\/photographer.lu\/wp-content\/uploads\/2022\/08\/8402_L_VIO_7091_Vianden-castle-summer-120x120.webp",120,120,true],"jetpack-portfolio-admin-thumb":["https:\/\/photographer.lu\/wp-content\/uploads\/2022\/08\/8402_L_VIO_7091_Vianden-castle-summer-50x50.webp",50,50,true]},"post_excerpt_stackable_v2":"<p>Ch\u00e2teau de Vianden dans un matin brumeux d&rsquo;\u00e9t\u00e9<\/p>\n","category_list_v2":"","author_info_v2":{"name":"","url":""},"comments_num_v2":"0 commentaire","acf":[],"jetpack_sharing_enabled":true,"_links":{"self":[{"href":"https:\/\/photographer.lu\/fr\/wp-json\/wp\/v2\/product\/18842","targetHints":{"allow":["GET"]}}],"collection":[{"href":"https:\/\/photographer.lu\/fr\/wp-json\/wp\/v2\/product"}],"about":[{"href":"https:\/\/photographer.lu\/fr\/wp-json\/wp\/v2\/types\/product"}],"replies":[{"embeddable":true,"href":"https:\/\/photographer.lu\/fr\/wp-json\/wp\/v2\/comments?post=18842"}],"wp:featuredmedia":[{"embeddable":true,"href":"https:\/\/photographer.lu\/fr\/wp-json\/wp\/v2\/media\/18155"}],"wp:attachment":[{"href":"https:\/\/photographer.lu\/fr\/wp-json\/wp\/v2\/media?parent=18842"}],"wp:term":[{"taxonomy":"product_brand","embeddable":true,"href":"https:\/\/photographer.lu\/fr\/wp-json\/wp\/v2\/product_brand?post=18842"},{"taxonomy":"product_cat","embeddable":true,"href":"https:\/\/photographer.lu\/fr\/wp-json\/wp\/v2\/product_cat?post=18842"},{"taxonomy":"product_tag","embeddable":true,"href":"https:\/\/photographer.lu\/fr\/wp-json\/wp\/v2\/product_tag?post=18842"}],"curies":[{"name":"wp","href":"https:\/\/api.w.org\/{rel}","templated":true}]}}

Château de Vianden

<p>Le château de Vianden photographié par un matin d&rsquo;été brumeux avec un ciel bleu au-dessus de la forêt dans la région des Ardennes (Éislek ou Ösling) au Luxembourg.</p>
<p>Cette image est disponible sous licence en téléchargement numérique.</p>
<p>Des tirages limités et des tirages libres sont disponibles.</p>

<p>Château de Vianden dans un matin brumeux d&rsquo;été</p>
