{"id":19141,"date":"2022-10-07T14:41:21","date_gmt":"2022-10-07T14:41:21","guid":{"rendered":"https:\/\/photographer.lu\/photo\/luxembourg-ville-coucher-de-soleil-paysage-urbain\/"},"modified":"2023-09-28T13:29:54","modified_gmt":"2023-09-28T13:29:54","slug":"luxembourg-ville-coucher-de-soleil-paysage-ville","status":"publish","type":"product","link":"https:\/\/photographer.lu\/fr\/photo\/luxembourg-ville-coucher-de-soleil-paysage-ville\/","title":{"rendered":"Luxembourg ville coucher de soleil paysage urbain"},"content":{"rendered":"<p>Photo <span style=\"color: #008000;\">commerciale<\/span> du coucher de soleil de la ligne d&rsquo;horizon de la ville de Luxembourg montrant le Grund avec l&rsquo;Abbaye de Neumunster, le Chemin de la Corniche, l&rsquo;Eglise Saint Michel, le Pont du Ch\u00e2teau, les Casemates du Bock et le Quartier Europ\u00e9en Kirchberg.<\/p>\n<p>Image incluse dans le <a href=\"https:\/\/photographer.lu\/fr\/photo\/calendrier-luxembourg-magique\/\">calendrier Luxembourg Magique 2023<\/a>.<\/p>\n<p>Cette image est disponible sous licence en t\u00e9l\u00e9chargement num\u00e9rique.<\/p>\n<p>Des tirages limit\u00e9s et des tirages libres sont disponibles.<\/p>\n","protected":false},"excerpt":{"rendered":"<p>Photo au coucher du soleil de l&rsquo;horizon de la ville de Luxembourg montrant le Grund et l&rsquo;abbaye de Neumunster.<\/p>\n","protected":false},"featured_media":18497,"comment_status":"closed","ping_status":"closed","template":"","meta":{"pgc_sgb_lightbox_settings":""},"product_brand":[],"product_cat":[703,702],"product_tag":[817,718,714,705,715,736,732,733,717,713,711,822,712,720],"class_list":{"0":"post-19141","1":"product","2":"type-product","3":"status-publish","4":"has-post-thumbnail","6":"product_cat-luxembourg-images-fr","7":"product_cat-tirages-dart","8":"product_tag-architecture-fr","9":"product_tag-iconique","10":"product_tag-images-du-luxembourg","11":"product_tag-imprime","12":"product_tag-letzebuerg-fr","13":"product_tag-ligne-dhorizon","14":"product_tag-paysage-urbain","15":"product_tag-paysages-urbains","16":"product_tag-photoen","17":"product_tag-photos-du-luxembourg","18":"product_tag-points-de-repere","19":"product_tag-ville-bas-fr","20":"product_tag-ville-de-luxembourg","21":"product_tag-ville-haute-fr","22":"product_shipping_class-imprimes","24":"first","25":"instock","26":"taxable","27":"shipping-taxable","28":"purchasable","29":"product-type-variable"},"featured_image_urls_v2":{"full":["https:\/\/photographer.lu\/wp-content\/uploads\/2022\/10\/8478-L-VIO-1322-Luxembourg-city-night-cityscape.webp",1200,805,false],"thumbnail":["https:\/\/photographer.lu\/wp-content\/uploads\/2022\/10\/8478-L-VIO-1322-Luxembourg-city-night-cityscape-550x369.webp",550,369,true],"medium":["https:\/\/photographer.lu\/wp-content\/uploads\/2022\/10\/8478-L-VIO-1322-Luxembourg-city-night-cityscape-300x201.webp",300,201,true],"medium_large":["https:\/\/photographer.lu\/wp-content\/uploads\/2022\/10\/8478-L-VIO-1322-Luxembourg-city-night-cityscape-768x515.webp",768,515,true],"large":["https:\/\/photographer.lu\/wp-content\/uploads\/2022\/10\/8478-L-VIO-1322-Luxembourg-city-night-cityscape.webp",1200,805,false],"1536x1536":["https:\/\/photographer.lu\/wp-content\/uploads\/2022\/10\/8478-L-VIO-1322-Luxembourg-city-night-cityscape.webp",1200,805,false],"2048x2048":["https:\/\/photographer.lu\/wp-content\/uploads\/2022\/10\/8478-L-VIO-1322-Luxembourg-city-night-cityscape.webp",1200,805,false],"woocommerce_archive_thumbnail":["https:\/\/photographer.lu\/wp-content\/uploads\/2022\/10\/8478-L-VIO-1322-Luxembourg-city-night-cityscape-600x403.webp",600,403,true],"mailpoet_newsletter_max":["https:\/\/photographer.lu\/wp-content\/uploads\/2022\/10\/8478-L-VIO-1322-Luxembourg-city-night-cityscape.webp",1200,805,false],"woocommerce_thumbnail":["https:\/\/photographer.lu\/wp-content\/uploads\/2022\/10\/8478-L-VIO-1322-Luxembourg-city-night-cityscape-600x403.webp",600,403,true],"woocommerce_single":["https:\/\/photographer.lu\/wp-content\/uploads\/2022\/10\/8478-L-VIO-1322-Luxembourg-city-night-cityscape.webp",1200,805,false],"woocommerce_gallery_thumbnail":["https:\/\/photographer.lu\/wp-content\/uploads\/2022\/10\/8478-L-VIO-1322-Luxembourg-city-night-cityscape-120x120.webp",120,120,true],"jetpack-portfolio-admin-thumb":["https:\/\/photographer.lu\/wp-content\/uploads\/2022\/10\/8478-L-VIO-1322-Luxembourg-city-night-cityscape-50x50.webp",50,50,true]},"post_excerpt_stackable_v2":"<p>Photo au coucher du soleil de l&rsquo;horizon de la ville de Luxembourg montrant le Grund et l&rsquo;abbaye de Neumunster.<\/p>\n","category_list_v2":"","author_info_v2":{"name":"","url":""},"comments_num_v2":"0 commentaire","acf":[],"jetpack_sharing_enabled":true,"_links":{"self":[{"href":"https:\/\/photographer.lu\/fr\/wp-json\/wp\/v2\/product\/19141","targetHints":{"allow":["GET"]}}],"collection":[{"href":"https:\/\/photographer.lu\/fr\/wp-json\/wp\/v2\/product"}],"about":[{"href":"https:\/\/photographer.lu\/fr\/wp-json\/wp\/v2\/types\/product"}],"replies":[{"embeddable":true,"href":"https:\/\/photographer.lu\/fr\/wp-json\/wp\/v2\/comments?post=19141"}],"wp:featuredmedia":[{"embeddable":true,"href":"https:\/\/photographer.lu\/fr\/wp-json\/wp\/v2\/media\/18497"}],"wp:attachment":[{"href":"https:\/\/photographer.lu\/fr\/wp-json\/wp\/v2\/media?parent=19141"}],"wp:term":[{"taxonomy":"product_brand","embeddable":true,"href":"https:\/\/photographer.lu\/fr\/wp-json\/wp\/v2\/product_brand?post=19141"},{"taxonomy":"product_cat","embeddable":true,"href":"https:\/\/photographer.lu\/fr\/wp-json\/wp\/v2\/product_cat?post=19141"},{"taxonomy":"product_tag","embeddable":true,"href":"https:\/\/photographer.lu\/fr\/wp-json\/wp\/v2\/product_tag?post=19141"}],"curies":[{"name":"wp","href":"https:\/\/api.w.org\/{rel}","templated":true}]}}

<p>Photo <span style="color: #008000;">commerciale</span> du coucher de soleil de la ligne d&rsquo;horizon de la ville de Luxembourg montrant le Grund avec l&rsquo;Abbaye de Neumunster, le Chemin de la Corniche, l&rsquo;Eglise Saint Michel, le Pont du Château, les Casemates du Bock et le Quartier Européen Kirchberg.</p>
<p>Image incluse dans le <a href="https://photographer.lu/fr/photo/calendrier-luxembourg-magique/">calendrier Luxembourg Magique 2023</a>.</p>
<p>Cette image est disponible sous licence en téléchargement numérique.</p>
<p>Des tirages limités et des tirages libres sont disponibles.</p>
