{"id":24509,"date":"2022-10-17T21:26:26","date_gmt":"2022-10-17T21:26:26","guid":{"rendered":"https:\/\/photographer.lu\/?post_type=product&#038;p=24509"},"modified":"2023-09-28T05:58:01","modified_gmt":"2023-09-28T05:58:01","slug":"riding-bike-luxembourg-city","status":"publish","type":"product","link":"https:\/\/photographer.lu\/fr\/photo\/riding-bike-luxembourg-city\/","title":{"rendered":"Faire du v\u00e9lo dans la ville de Luxembourg"},"content":{"rendered":"<p>Photo <span style=\"color: #008000;\">commerciale<\/span> de rue d&rsquo;une personne faisant du v\u00e9lo devant la cath\u00e9drale Notre-Dame, dans le centre-ville de Luxembourg, par une journ\u00e9e ensoleill\u00e9e.<\/p>\n<p>Cette image est disponible sous licence en t\u00e9l\u00e9chargement num\u00e9rique.<\/p>\n<p>Des tirages limit\u00e9s et des tirages libres sont disponibles.<\/p>\n","protected":false},"excerpt":{"rendered":"<p>Photo de rue d&rsquo;une personne \u00e0 v\u00e9lo au Luxembourg<\/p>\n","protected":false},"featured_media":23444,"comment_status":"closed","ping_status":"closed","template":"","meta":{"pgc_sgb_lightbox_settings":""},"product_brand":[],"product_cat":[703,702],"product_tag":[740,731,714,705,715,1229,743,1230,717,744,904,737,713,711,1231,1232,1225,1227,1228,1226,712],"class_list":{"0":"post-24509","1":"product","2":"type-product","3":"status-publish","4":"has-post-thumbnail","6":"product_cat-luxembourg-images-fr","7":"product_cat-tirages-dart","8":"product_tag-cathedrale","9":"product_tag-eglises","10":"product_tag-images-du-luxembourg","11":"product_tag-imprime","12":"product_tag-letzebuerg-fr","13":"product_tag-mobilite","14":"product_tag-notre-dame-fr","15":"product_tag-personnes","16":"product_tag-photoen","17":"product_tag-photographe-luxembourg","18":"product_tag-photographie-de-rue","19":"product_tag-photographie-du-luxembourg","20":"product_tag-photos-du-luxembourg","21":"product_tag-points-de-repere","22":"product_tag-rue","23":"product_tag-transport","24":"product_tag-velo","25":"product_tag-velo-fr","26":"product_tag-velos-fr","27":"product_tag-velos","28":"product_tag-ville-de-luxembourg","29":"product_shipping_class-imprimes","31":"first","32":"instock","33":"taxable","34":"shipping-taxable","35":"purchasable","36":"product-type-variable"},"featured_image_urls_v2":{"full":["https:\/\/photographer.lu\/wp-content\/uploads\/2022\/11\/8619-L-VIO-8557-Riding-bike-Luxembourg-city-street.webp",1200,800,false],"thumbnail":["https:\/\/photographer.lu\/wp-content\/uploads\/2022\/11\/8619-L-VIO-8557-Riding-bike-Luxembourg-city-street-550x367.webp",550,367,true],"medium":["https:\/\/photographer.lu\/wp-content\/uploads\/2022\/11\/8619-L-VIO-8557-Riding-bike-Luxembourg-city-street-300x200.webp",300,200,true],"medium_large":["https:\/\/photographer.lu\/wp-content\/uploads\/2022\/11\/8619-L-VIO-8557-Riding-bike-Luxembourg-city-street-768x512.webp",768,512,true],"large":["https:\/\/photographer.lu\/wp-content\/uploads\/2022\/11\/8619-L-VIO-8557-Riding-bike-Luxembourg-city-street.webp",1200,800,false],"1536x1536":["https:\/\/photographer.lu\/wp-content\/uploads\/2022\/11\/8619-L-VIO-8557-Riding-bike-Luxembourg-city-street.webp",1200,800,false],"2048x2048":["https:\/\/photographer.lu\/wp-content\/uploads\/2022\/11\/8619-L-VIO-8557-Riding-bike-Luxembourg-city-street.webp",1200,800,false],"woocommerce_archive_thumbnail":["https:\/\/photographer.lu\/wp-content\/uploads\/2022\/11\/8619-L-VIO-8557-Riding-bike-Luxembourg-city-street-600x400.webp",600,400,true],"mailpoet_newsletter_max":["https:\/\/photographer.lu\/wp-content\/uploads\/2022\/11\/8619-L-VIO-8557-Riding-bike-Luxembourg-city-street.webp",1200,800,false],"woocommerce_thumbnail":["https:\/\/photographer.lu\/wp-content\/uploads\/2022\/11\/8619-L-VIO-8557-Riding-bike-Luxembourg-city-street-600x400.webp",600,400,true],"woocommerce_single":["https:\/\/photographer.lu\/wp-content\/uploads\/2022\/11\/8619-L-VIO-8557-Riding-bike-Luxembourg-city-street.webp",1200,800,false],"woocommerce_gallery_thumbnail":["https:\/\/photographer.lu\/wp-content\/uploads\/2022\/11\/8619-L-VIO-8557-Riding-bike-Luxembourg-city-street-120x120.webp",120,120,true],"jetpack-portfolio-admin-thumb":["https:\/\/photographer.lu\/wp-content\/uploads\/2022\/11\/8619-L-VIO-8557-Riding-bike-Luxembourg-city-street-50x50.webp",50,50,true]},"post_excerpt_stackable_v2":"<p>Photo de rue d&rsquo;une personne \u00e0 v\u00e9lo au Luxembourg<\/p>\n","category_list_v2":"","author_info_v2":{"name":"","url":""},"comments_num_v2":"0 commentaire","acf":[],"jetpack_sharing_enabled":true,"_links":{"self":[{"href":"https:\/\/photographer.lu\/fr\/wp-json\/wp\/v2\/product\/24509","targetHints":{"allow":["GET"]}}],"collection":[{"href":"https:\/\/photographer.lu\/fr\/wp-json\/wp\/v2\/product"}],"about":[{"href":"https:\/\/photographer.lu\/fr\/wp-json\/wp\/v2\/types\/product"}],"replies":[{"embeddable":true,"href":"https:\/\/photographer.lu\/fr\/wp-json\/wp\/v2\/comments?post=24509"}],"wp:featuredmedia":[{"embeddable":true,"href":"https:\/\/photographer.lu\/fr\/wp-json\/wp\/v2\/media\/23444"}],"wp:attachment":[{"href":"https:\/\/photographer.lu\/fr\/wp-json\/wp\/v2\/media?parent=24509"}],"wp:term":[{"taxonomy":"product_brand","embeddable":true,"href":"https:\/\/photographer.lu\/fr\/wp-json\/wp\/v2\/product_brand?post=24509"},{"taxonomy":"product_cat","embeddable":true,"href":"https:\/\/photographer.lu\/fr\/wp-json\/wp\/v2\/product_cat?post=24509"},{"taxonomy":"product_tag","embeddable":true,"href":"https:\/\/photographer.lu\/fr\/wp-json\/wp\/v2\/product_tag?post=24509"}],"curies":[{"name":"wp","href":"https:\/\/api.w.org\/{rel}","templated":true}]}}

Faire du vélo dans la ville de Luxembourg

<p>Photo <span style="color: #008000;">commerciale</span> de rue d&rsquo;une personne faisant du vélo devant la cathédrale Notre-Dame, dans le centre-ville de Luxembourg, par une journée ensoleillée.</p>
<p>Cette image est disponible sous licence en téléchargement numérique.</p>
<p>Des tirages limités et des tirages libres sont disponibles.</p>

<p>Photo de rue d&rsquo;une personne à vélo au Luxembourg</p>
