{"id":25870,"date":"2022-09-20T13:20:12","date_gmt":"2022-09-20T13:20:12","guid":{"rendered":"https:\/\/photographer.lu\/?post_type=product&#038;p=25870"},"modified":"2023-09-27T13:53:59","modified_gmt":"2023-09-27T13:53:59","slug":"philharmonie-luxembourg-ville","status":"publish","type":"product","link":"https:\/\/photographer.lu\/fr\/photo\/philharmonie-luxembourg-ville\/","title":{"rendered":"Philharmonie de la ville de Luxembourg"},"content":{"rendered":"<p>Photo <span style=\"color: #339966;\">commerciale<\/span> de la salle de concert Grande-Duchesse Jos\u00e9phine-Charlotte, ou Philharmonie luxembourgeoise, au Kirchberg, ville de Luxembourg, pendant le coucher du soleil.<\/p>\n<p>Cette image est disponible sous licence en t\u00e9l\u00e9chargement num\u00e9rique.<\/p>\n<p>Des tirages limit\u00e9s et des tirages libres sont disponibles.<\/p>\n","protected":false},"excerpt":{"rendered":"<p>La salle de concert Grande-Duchesse Jos\u00e9phine-Charlotte au Kirchberg, ville de Luxembourg<\/p>\n<p><img decoding=\"async\" class=\"alignnone size-full wp-image-22578\" src=\"https:\/\/photographer.lu\/wp-content\/uploads\/2022\/10\/payment-methods-luxembourg.webp\" alt=\"les m\u00e9thodes de paiement\" width=\"581\" height=\"40\" srcset=\"https:\/\/photographer.lu\/wp-content\/uploads\/2022\/10\/payment-methods-luxembourg.webp 581w, https:\/\/photographer.lu\/wp-content\/uploads\/2022\/10\/payment-methods-luxembourg-300x21.webp 300w, https:\/\/photographer.lu\/wp-content\/uploads\/2022\/10\/payment-methods-luxembourg-550x38.webp 550w\" sizes=\"(max-width: 581px) 100vw, 581px\" \/><\/p>\n","protected":false},"featured_media":23732,"comment_status":"closed","ping_status":"closed","template":"","meta":{"pgc_sgb_lightbox_settings":""},"product_brand":[],"product_cat":[703,702],"product_tag":[817,745,1299,714,1025,715,1143,1028,1300,717,737,713,711,1298,721,712],"class_list":{"0":"post-25870","1":"product","2":"type-product","3":"status-publish","4":"has-post-thumbnail","6":"product_cat-luxembourg-images-fr","7":"product_cat-tirages-dart","8":"product_tag-architecture-fr","9":"product_tag-coucher-de-soleil","10":"product_tag-fotos-fr","11":"product_tag-images-du-luxembourg","12":"product_tag-kirchberg-fr","13":"product_tag-letzebuerg-fr","14":"product_tag-luxembourg-ville-fr","15":"product_tag-philharmonie-fr","16":"product_tag-philharmonique","17":"product_tag-photoen","18":"product_tag-photographie-du-luxembourg","19":"product_tag-photos-du-luxembourg","20":"product_tag-points-de-repere","21":"product_tag-salle-de-concert","22":"product_tag-symboles","23":"product_tag-ville-de-luxembourg","24":"product_shipping_class-imprimes","26":"first","27":"instock","28":"taxable","29":"shipping-taxable","30":"purchasable","31":"product-type-variable"},"featured_image_urls_v2":{"full":["https:\/\/photographer.lu\/wp-content\/uploads\/2022\/11\/8705-L-IMG-1506-Philharmonie-Luxembourg-city-sunset.webp",1200,820,false],"thumbnail":["https:\/\/photographer.lu\/wp-content\/uploads\/2022\/11\/8705-L-IMG-1506-Philharmonie-Luxembourg-city-sunset-550x376.webp",550,376,true],"medium":["https:\/\/photographer.lu\/wp-content\/uploads\/2022\/11\/8705-L-IMG-1506-Philharmonie-Luxembourg-city-sunset-300x205.webp",300,205,true],"medium_large":["https:\/\/photographer.lu\/wp-content\/uploads\/2022\/11\/8705-L-IMG-1506-Philharmonie-Luxembourg-city-sunset-768x525.webp",768,525,true],"large":["https:\/\/photographer.lu\/wp-content\/uploads\/2022\/11\/8705-L-IMG-1506-Philharmonie-Luxembourg-city-sunset.webp",1200,820,false],"1536x1536":["https:\/\/photographer.lu\/wp-content\/uploads\/2022\/11\/8705-L-IMG-1506-Philharmonie-Luxembourg-city-sunset.webp",1200,820,false],"2048x2048":["https:\/\/photographer.lu\/wp-content\/uploads\/2022\/11\/8705-L-IMG-1506-Philharmonie-Luxembourg-city-sunset.webp",1200,820,false],"woocommerce_archive_thumbnail":["https:\/\/photographer.lu\/wp-content\/uploads\/2022\/11\/8705-L-IMG-1506-Philharmonie-Luxembourg-city-sunset-600x410.webp",600,410,true],"mailpoet_newsletter_max":["https:\/\/photographer.lu\/wp-content\/uploads\/2022\/11\/8705-L-IMG-1506-Philharmonie-Luxembourg-city-sunset.webp",1200,820,false],"woocommerce_thumbnail":["https:\/\/photographer.lu\/wp-content\/uploads\/2022\/11\/8705-L-IMG-1506-Philharmonie-Luxembourg-city-sunset-600x410.webp",600,410,true],"woocommerce_single":["https:\/\/photographer.lu\/wp-content\/uploads\/2022\/11\/8705-L-IMG-1506-Philharmonie-Luxembourg-city-sunset.webp",1200,820,false],"woocommerce_gallery_thumbnail":["https:\/\/photographer.lu\/wp-content\/uploads\/2022\/11\/8705-L-IMG-1506-Philharmonie-Luxembourg-city-sunset-120x120.webp",120,120,true],"jetpack-portfolio-admin-thumb":["https:\/\/photographer.lu\/wp-content\/uploads\/2022\/11\/8705-L-IMG-1506-Philharmonie-Luxembourg-city-sunset-50x50.webp",50,50,true]},"post_excerpt_stackable_v2":"<p>La salle de concert Grande-Duchesse Jos\u00e9phine-Charlotte au Kirchberg, ville de Luxembourg<\/p>\n<p><img decoding=\"async\" class=\"alignnone size-full wp-image-22578\" src=\"https:\/\/photographer.lu\/wp-content\/uploads\/2022\/10\/payment-methods-luxembourg.webp\" alt=\"les m\u00e9thodes de paiement\" width=\"581\" height=\"40\" srcset=\"https:\/\/photographer.lu\/wp-content\/uploads\/2022\/10\/payment-methods-luxembourg.webp 581w, https:\/\/photographer.lu\/wp-content\/uploads\/2022\/10\/payment-methods-luxembourg-300x21.webp 300w, https:\/\/photographer.lu\/wp-content\/uploads\/2022\/10\/payment-methods-luxembourg-550x38.webp 550w\" sizes=\"(max-width: 581px) 100vw, 581px\" \/><\/p>\n","category_list_v2":"","author_info_v2":{"name":"","url":""},"comments_num_v2":"0 commentaire","acf":[],"jetpack_sharing_enabled":true,"_links":{"self":[{"href":"https:\/\/photographer.lu\/fr\/wp-json\/wp\/v2\/product\/25870","targetHints":{"allow":["GET"]}}],"collection":[{"href":"https:\/\/photographer.lu\/fr\/wp-json\/wp\/v2\/product"}],"about":[{"href":"https:\/\/photographer.lu\/fr\/wp-json\/wp\/v2\/types\/product"}],"replies":[{"embeddable":true,"href":"https:\/\/photographer.lu\/fr\/wp-json\/wp\/v2\/comments?post=25870"}],"wp:featuredmedia":[{"embeddable":true,"href":"https:\/\/photographer.lu\/fr\/wp-json\/wp\/v2\/media\/23732"}],"wp:attachment":[{"href":"https:\/\/photographer.lu\/fr\/wp-json\/wp\/v2\/media?parent=25870"}],"wp:term":[{"taxonomy":"product_brand","embeddable":true,"href":"https:\/\/photographer.lu\/fr\/wp-json\/wp\/v2\/product_brand?post=25870"},{"taxonomy":"product_cat","embeddable":true,"href":"https:\/\/photographer.lu\/fr\/wp-json\/wp\/v2\/product_cat?post=25870"},{"taxonomy":"product_tag","embeddable":true,"href":"https:\/\/photographer.lu\/fr\/wp-json\/wp\/v2\/product_tag?post=25870"}],"curies":[{"name":"wp","href":"https:\/\/api.w.org\/{rel}","templated":true}]}}

<p>Photo <span style="color: #339966;">commerciale</span> de la salle de concert Grande-Duchesse Joséphine-Charlotte, ou Philharmonie luxembourgeoise, au Kirchberg, ville de Luxembourg, pendant le coucher du soleil.</p>
<p>Cette image est disponible sous licence en téléchargement numérique.</p>
<p>Des tirages limités et des tirages libres sont disponibles.</p>

<p>La salle de concert Grande-Duchesse Joséphine-Charlotte au Kirchberg, ville de Luxembourg</p>
<p><img decoding="async" class="alignnone size-full wp-image-22578" src="https://photographer.lu/wp-content/uploads/2022/10/payment-methods-luxembourg.webp" alt="les méthodes de paiement" width="581" height="40" srcset="https://photographer.lu/wp-content/uploads/2022/10/payment-methods-luxembourg.webp 581w, https://photographer.lu/wp-content/uploads/2022/10/payment-methods-luxembourg-300x21.webp 300w, https://photographer.lu/wp-content/uploads/2022/10/payment-methods-luxembourg-550x38.webp 550w" sizes="(max-width: 581px) 100vw, 581px" /></p>
