{"id":26218,"date":"2022-10-23T16:43:10","date_gmt":"2022-10-23T16:43:10","guid":{"rendered":"https:\/\/photographer.lu\/?post_type=product&#038;p=26218"},"modified":"2023-09-28T12:01:13","modified_gmt":"2023-09-28T12:01:13","slug":"snowing-luxembourg-city-grund","status":"publish","type":"product","link":"https:\/\/photographer.lu\/fr\/photo\/snowing-luxembourg-city-grund\/","title":{"rendered":"Neige dans la ville de Luxembourg Grund"},"content":{"rendered":"<p>Photo <span style=\"color: #339966;\">commerciale<\/span> d&rsquo;un homme marchant dans la rue avec un parapluie au Grund, alors qu&rsquo;il neige pendant l&rsquo;hiver dans la ville de Luxembourg.<\/p>\n<p>Cette image est disponible sous licence en t\u00e9l\u00e9chargement num\u00e9rique.<\/p>\n<p>Des tirages limit\u00e9s et des tirages libres sont disponibles.<\/p>\n","protected":false},"excerpt":{"rendered":"<p>homme marchant dans la rue avec un parapluie alors qu&rsquo;il neige<\/p>\n<p><img decoding=\"async\" class=\"alignnone size-full wp-image-22578\" src=\"https:\/\/photographer.lu\/wp-content\/uploads\/2022\/10\/payment-methods-luxembourg.webp\" alt=\"les m\u00e9thodes de paiement\" width=\"581\" height=\"40\" srcset=\"https:\/\/photographer.lu\/wp-content\/uploads\/2022\/10\/payment-methods-luxembourg.webp 581w, https:\/\/photographer.lu\/wp-content\/uploads\/2022\/10\/payment-methods-luxembourg-300x21.webp 300w, https:\/\/photographer.lu\/wp-content\/uploads\/2022\/10\/payment-methods-luxembourg-550x38.webp 550w\" sizes=\"(max-width: 581px) 100vw, 581px\" \/><\/p>\n","protected":false},"featured_media":23804,"comment_status":"closed","ping_status":"closed","template":"","meta":{"pgc_sgb_lightbox_settings":""},"product_brand":[],"product_cat":[703,702],"product_tag":[1312,739,1316,1299,818,1086,714,1085,715,742,1143,1315,1294,1230,717,904,737,713,711,1314,719,1198,1271,816,741,712,1313],"class_list":{"0":"post-26218","1":"product","2":"type-product","3":"status-publish","4":"has-post-thumbnail","6":"product_cat-luxembourg-images-fr","7":"product_cat-tirages-dart","8":"product_tag-blizzard-fr","9":"product_tag-capital-fr","10":"product_tag-enneigee","11":"product_tag-fotos-fr","12":"product_tag-grund-fr","13":"product_tag-hiver","14":"product_tag-images-du-luxembourg","15":"product_tag-la-neige-au-luxembourg","16":"product_tag-letzebuerg-fr","17":"product_tag-luxembourg-fr","18":"product_tag-luxembourg-ville-fr","19":"product_tag-neige-fr","20":"product_tag-neige","21":"product_tag-personnes","22":"product_tag-photoen","23":"product_tag-photographie-de-rue","24":"product_tag-photographie-du-luxembourg","25":"product_tag-photos-du-luxembourg","26":"product_tag-points-de-repere","27":"product_tag-quartiers-du-luxembourg","28":"product_tag-saisons","29":"product_tag-unesco-fr","30":"product_tag-urbain","31":"product_tag-vieux","32":"product_tag-ville","33":"product_tag-ville-de-luxembourg","34":"product_tag-ville-neige","35":"product_shipping_class-imprimes","37":"first","38":"instock","39":"taxable","40":"shipping-taxable","41":"purchasable","42":"product-type-variable"},"featured_image_urls_v2":{"full":["https:\/\/photographer.lu\/wp-content\/uploads\/2022\/11\/8746-L-VIO-2227-Luxembourg-city-snow-grund-street.webp",1200,800,false],"thumbnail":["https:\/\/photographer.lu\/wp-content\/uploads\/2022\/11\/8746-L-VIO-2227-Luxembourg-city-snow-grund-street-550x367.webp",550,367,true],"medium":["https:\/\/photographer.lu\/wp-content\/uploads\/2022\/11\/8746-L-VIO-2227-Luxembourg-city-snow-grund-street-300x200.webp",300,200,true],"medium_large":["https:\/\/photographer.lu\/wp-content\/uploads\/2022\/11\/8746-L-VIO-2227-Luxembourg-city-snow-grund-street-768x512.webp",768,512,true],"large":["https:\/\/photographer.lu\/wp-content\/uploads\/2022\/11\/8746-L-VIO-2227-Luxembourg-city-snow-grund-street.webp",1200,800,false],"1536x1536":["https:\/\/photographer.lu\/wp-content\/uploads\/2022\/11\/8746-L-VIO-2227-Luxembourg-city-snow-grund-street.webp",1200,800,false],"2048x2048":["https:\/\/photographer.lu\/wp-content\/uploads\/2022\/11\/8746-L-VIO-2227-Luxembourg-city-snow-grund-street.webp",1200,800,false],"woocommerce_archive_thumbnail":["https:\/\/photographer.lu\/wp-content\/uploads\/2022\/11\/8746-L-VIO-2227-Luxembourg-city-snow-grund-street-600x400.webp",600,400,true],"mailpoet_newsletter_max":["https:\/\/photographer.lu\/wp-content\/uploads\/2022\/11\/8746-L-VIO-2227-Luxembourg-city-snow-grund-street.webp",1200,800,false],"woocommerce_thumbnail":["https:\/\/photographer.lu\/wp-content\/uploads\/2022\/11\/8746-L-VIO-2227-Luxembourg-city-snow-grund-street-600x400.webp",600,400,true],"woocommerce_single":["https:\/\/photographer.lu\/wp-content\/uploads\/2022\/11\/8746-L-VIO-2227-Luxembourg-city-snow-grund-street.webp",1200,800,false],"woocommerce_gallery_thumbnail":["https:\/\/photographer.lu\/wp-content\/uploads\/2022\/11\/8746-L-VIO-2227-Luxembourg-city-snow-grund-street-120x120.webp",120,120,true],"jetpack-portfolio-admin-thumb":["https:\/\/photographer.lu\/wp-content\/uploads\/2022\/11\/8746-L-VIO-2227-Luxembourg-city-snow-grund-street-50x50.webp",50,50,true]},"post_excerpt_stackable_v2":"<p>homme marchant dans la rue avec un parapluie alors qu&rsquo;il neige<\/p>\n<p><img decoding=\"async\" class=\"alignnone size-full wp-image-22578\" src=\"https:\/\/photographer.lu\/wp-content\/uploads\/2022\/10\/payment-methods-luxembourg.webp\" alt=\"les m\u00e9thodes de paiement\" width=\"581\" height=\"40\" srcset=\"https:\/\/photographer.lu\/wp-content\/uploads\/2022\/10\/payment-methods-luxembourg.webp 581w, https:\/\/photographer.lu\/wp-content\/uploads\/2022\/10\/payment-methods-luxembourg-300x21.webp 300w, https:\/\/photographer.lu\/wp-content\/uploads\/2022\/10\/payment-methods-luxembourg-550x38.webp 550w\" sizes=\"(max-width: 581px) 100vw, 581px\" \/><\/p>\n","category_list_v2":"","author_info_v2":{"name":"","url":""},"comments_num_v2":"0 commentaire","acf":[],"jetpack_sharing_enabled":true,"_links":{"self":[{"href":"https:\/\/photographer.lu\/fr\/wp-json\/wp\/v2\/product\/26218","targetHints":{"allow":["GET"]}}],"collection":[{"href":"https:\/\/photographer.lu\/fr\/wp-json\/wp\/v2\/product"}],"about":[{"href":"https:\/\/photographer.lu\/fr\/wp-json\/wp\/v2\/types\/product"}],"replies":[{"embeddable":true,"href":"https:\/\/photographer.lu\/fr\/wp-json\/wp\/v2\/comments?post=26218"}],"wp:featuredmedia":[{"embeddable":true,"href":"https:\/\/photographer.lu\/fr\/wp-json\/wp\/v2\/media\/23804"}],"wp:attachment":[{"href":"https:\/\/photographer.lu\/fr\/wp-json\/wp\/v2\/media?parent=26218"}],"wp:term":[{"taxonomy":"product_brand","embeddable":true,"href":"https:\/\/photographer.lu\/fr\/wp-json\/wp\/v2\/product_brand?post=26218"},{"taxonomy":"product_cat","embeddable":true,"href":"https:\/\/photographer.lu\/fr\/wp-json\/wp\/v2\/product_cat?post=26218"},{"taxonomy":"product_tag","embeddable":true,"href":"https:\/\/photographer.lu\/fr\/wp-json\/wp\/v2\/product_tag?post=26218"}],"curies":[{"name":"wp","href":"https:\/\/api.w.org\/{rel}","templated":true}]}}

<p>Photo <span style="color: #339966;">commerciale</span> d&rsquo;un homme marchant dans la rue avec un parapluie au Grund, alors qu&rsquo;il neige pendant l&rsquo;hiver dans la ville de Luxembourg.</p>
<p>Cette image est disponible sous licence en téléchargement numérique.</p>
<p>Des tirages limités et des tirages libres sont disponibles.</p>

<p>homme marchant dans la rue avec un parapluie alors qu&rsquo;il neige</p>
<p><img decoding="async" class="alignnone size-full wp-image-22578" src="https://photographer.lu/wp-content/uploads/2022/10/payment-methods-luxembourg.webp" alt="les méthodes de paiement" width="581" height="40" srcset="https://photographer.lu/wp-content/uploads/2022/10/payment-methods-luxembourg.webp 581w, https://photographer.lu/wp-content/uploads/2022/10/payment-methods-luxembourg-300x21.webp 300w, https://photographer.lu/wp-content/uploads/2022/10/payment-methods-luxembourg-550x38.webp 550w" sizes="(max-width: 581px) 100vw, 581px" /></p>
