{"id":28563,"date":"2023-01-02T23:42:25","date_gmt":"2023-01-02T23:42:25","guid":{"rendered":"https:\/\/photographer.lu\/?post_type=product&#038;p=28563"},"modified":"2023-09-28T06:04:29","modified_gmt":"2023-09-28T06:04:29","slug":"luxembourg-city-christmas-market-night","status":"publish","type":"product","link":"https:\/\/photographer.lu\/fr\/photo\/luxembourg-city-christmas-market-night\/","title":{"rendered":"March\u00e9 de No\u00ebl de la ville de Luxembourg la nuit"},"content":{"rendered":"<p>Photo <span style=\"color: #339966;\">commerciale<\/span> du March\u00e9 de No\u00ebl de Luxembourg vu de la vall\u00e9e de la P\u00e9trusse vers la Place de la Constitution, avec la grande roue, la cath\u00e9drale Notre Dame et la statue de la Gelle Fra (Dame d&rsquo;Or) en soir\u00e9e.<\/p>\n<p>Cette image est disponible sous licence en t\u00e9l\u00e9chargement num\u00e9rique.<\/p>\n<p>Des tirages limit\u00e9s et des tirages libres sont disponibles.<\/p>\n","protected":false},"excerpt":{"rendered":"<p>March\u00e9 de No\u00ebl du Luxembourg vu de la vall\u00e9e de la Petrusse vers la Place de la Constitution<\/p>\n<p><img decoding=\"async\" class=\"alignnone size-full wp-image-22578\" src=\"https:\/\/photographer.lu\/wp-content\/uploads\/2022\/10\/payment-methods-luxembourg.webp\" alt=\"les m\u00e9thodes de paiement\" width=\"581\" height=\"40\" srcset=\"https:\/\/photographer.lu\/wp-content\/uploads\/2022\/10\/payment-methods-luxembourg.webp 581w, https:\/\/photographer.lu\/wp-content\/uploads\/2022\/10\/payment-methods-luxembourg-300x21.webp 300w, https:\/\/photographer.lu\/wp-content\/uploads\/2022\/10\/payment-methods-luxembourg-550x38.webp 550w\" sizes=\"(max-width: 581px) 100vw, 581px\" \/><\/p>\n","protected":false},"featured_media":27443,"comment_status":"closed","ping_status":"closed","template":"","meta":{"pgc_sgb_lightbox_settings":""},"product_brand":[],"product_cat":[703,702],"product_tag":[817,739,1077,1207,1209,833,731,1408,1299,718,837,714,705,715,736,838,1331,742,1143,1407,1078,824,732,733,717,826,737,713,711,1082,741,712],"class_list":{"0":"post-28563","1":"product","2":"type-product","3":"status-publish","4":"has-post-thumbnail","6":"product_cat-luxembourg-images-fr","7":"product_cat-tirages-dart","8":"product_tag-architecture-fr","9":"product_tag-capital-fr","10":"product_tag-celebrations-fr","11":"product_tag-center-fr","12":"product_tag-centre-fr","13":"product_tag-centre-ville","14":"product_tag-eglises","15":"product_tag-evenements","16":"product_tag-fotos-fr","17":"product_tag-iconique","18":"product_tag-illumine","19":"product_tag-images-du-luxembourg","20":"product_tag-imprime","21":"product_tag-letzebuerg-fr","22":"product_tag-ligne-dhorizon","23":"product_tag-lumieres","24":"product_tag-lumieres-de-noel","25":"product_tag-luxembourg-fr","26":"product_tag-luxembourg-ville-fr","27":"product_tag-marche-de-noel","28":"product_tag-noel","29":"product_tag-nuit","30":"product_tag-paysage-urbain","31":"product_tag-paysages-urbains","32":"product_tag-photoen","33":"product_tag-photographie-de-nuit","34":"product_tag-photographie-du-luxembourg","35":"product_tag-photos-du-luxembourg","36":"product_tag-points-de-repere","37":"product_tag-vacances","38":"product_tag-ville","39":"product_tag-ville-de-luxembourg","40":"product_shipping_class-imprimes","42":"first","43":"instock","44":"taxable","45":"shipping-taxable","46":"purchasable","47":"product-type-variable"},"featured_image_urls_v2":{"full":["https:\/\/photographer.lu\/wp-content\/uploads\/2022\/12\/8775-L-VIO-1813-Luxembourg-Christmas-Market.webp",1200,800,false],"thumbnail":["https:\/\/photographer.lu\/wp-content\/uploads\/2022\/12\/8775-L-VIO-1813-Luxembourg-Christmas-Market-550x367.webp",550,367,true],"medium":["https:\/\/photographer.lu\/wp-content\/uploads\/2022\/12\/8775-L-VIO-1813-Luxembourg-Christmas-Market-300x200.webp",300,200,true],"medium_large":["https:\/\/photographer.lu\/wp-content\/uploads\/2022\/12\/8775-L-VIO-1813-Luxembourg-Christmas-Market-768x512.webp",768,512,true],"large":["https:\/\/photographer.lu\/wp-content\/uploads\/2022\/12\/8775-L-VIO-1813-Luxembourg-Christmas-Market.webp",1200,800,false],"1536x1536":["https:\/\/photographer.lu\/wp-content\/uploads\/2022\/12\/8775-L-VIO-1813-Luxembourg-Christmas-Market.webp",1200,800,false],"2048x2048":["https:\/\/photographer.lu\/wp-content\/uploads\/2022\/12\/8775-L-VIO-1813-Luxembourg-Christmas-Market.webp",1200,800,false],"woocommerce_archive_thumbnail":["https:\/\/photographer.lu\/wp-content\/uploads\/2022\/12\/8775-L-VIO-1813-Luxembourg-Christmas-Market-600x400.webp",600,400,true],"mailpoet_newsletter_max":["https:\/\/photographer.lu\/wp-content\/uploads\/2022\/12\/8775-L-VIO-1813-Luxembourg-Christmas-Market.webp",1200,800,false],"woocommerce_thumbnail":["https:\/\/photographer.lu\/wp-content\/uploads\/2022\/12\/8775-L-VIO-1813-Luxembourg-Christmas-Market-600x400.webp",600,400,true],"woocommerce_single":["https:\/\/photographer.lu\/wp-content\/uploads\/2022\/12\/8775-L-VIO-1813-Luxembourg-Christmas-Market.webp",1200,800,false],"woocommerce_gallery_thumbnail":["https:\/\/photographer.lu\/wp-content\/uploads\/2022\/12\/8775-L-VIO-1813-Luxembourg-Christmas-Market-120x120.webp",120,120,true],"jetpack-portfolio-admin-thumb":["https:\/\/photographer.lu\/wp-content\/uploads\/2022\/12\/8775-L-VIO-1813-Luxembourg-Christmas-Market-50x50.webp",50,50,true]},"post_excerpt_stackable_v2":"<p>March\u00e9 de No\u00ebl du Luxembourg vu de la vall\u00e9e de la Petrusse vers la Place de la Constitution<\/p>\n<p><img decoding=\"async\" class=\"alignnone size-full wp-image-22578\" src=\"https:\/\/photographer.lu\/wp-content\/uploads\/2022\/10\/payment-methods-luxembourg.webp\" alt=\"les m\u00e9thodes de paiement\" width=\"581\" height=\"40\" srcset=\"https:\/\/photographer.lu\/wp-content\/uploads\/2022\/10\/payment-methods-luxembourg.webp 581w, https:\/\/photographer.lu\/wp-content\/uploads\/2022\/10\/payment-methods-luxembourg-300x21.webp 300w, https:\/\/photographer.lu\/wp-content\/uploads\/2022\/10\/payment-methods-luxembourg-550x38.webp 550w\" sizes=\"(max-width: 581px) 100vw, 581px\" \/><\/p>\n","category_list_v2":"","author_info_v2":{"name":"","url":""},"comments_num_v2":"0 commentaire","acf":[],"jetpack_sharing_enabled":true,"_links":{"self":[{"href":"https:\/\/photographer.lu\/fr\/wp-json\/wp\/v2\/product\/28563","targetHints":{"allow":["GET"]}}],"collection":[{"href":"https:\/\/photographer.lu\/fr\/wp-json\/wp\/v2\/product"}],"about":[{"href":"https:\/\/photographer.lu\/fr\/wp-json\/wp\/v2\/types\/product"}],"replies":[{"embeddable":true,"href":"https:\/\/photographer.lu\/fr\/wp-json\/wp\/v2\/comments?post=28563"}],"wp:featuredmedia":[{"embeddable":true,"href":"https:\/\/photographer.lu\/fr\/wp-json\/wp\/v2\/media\/27443"}],"wp:attachment":[{"href":"https:\/\/photographer.lu\/fr\/wp-json\/wp\/v2\/media?parent=28563"}],"wp:term":[{"taxonomy":"product_brand","embeddable":true,"href":"https:\/\/photographer.lu\/fr\/wp-json\/wp\/v2\/product_brand?post=28563"},{"taxonomy":"product_cat","embeddable":true,"href":"https:\/\/photographer.lu\/fr\/wp-json\/wp\/v2\/product_cat?post=28563"},{"taxonomy":"product_tag","embeddable":true,"href":"https:\/\/photographer.lu\/fr\/wp-json\/wp\/v2\/product_tag?post=28563"}],"curies":[{"name":"wp","href":"https:\/\/api.w.org\/{rel}","templated":true}]}}

Marché de Noël de la ville de Luxembourg la nuit

<p>Photo <span style="color: #339966;">commerciale</span> du Marché de Noël de Luxembourg vu de la vallée de la Pétrusse vers la Place de la Constitution, avec la grande roue, la cathédrale Notre Dame et la statue de la Gelle Fra (Dame d&rsquo;Or) en soirée.</p>
<p>Cette image est disponible sous licence en téléchargement numérique.</p>
<p>Des tirages limités et des tirages libres sont disponibles.</p>

<p>Marché de Noël du Luxembourg vu de la vallée de la Petrusse vers la Place de la Constitution</p>
<p><img decoding="async" class="alignnone size-full wp-image-22578" src="https://photographer.lu/wp-content/uploads/2022/10/payment-methods-luxembourg.webp" alt="les méthodes de paiement" width="581" height="40" srcset="https://photographer.lu/wp-content/uploads/2022/10/payment-methods-luxembourg.webp 581w, https://photographer.lu/wp-content/uploads/2022/10/payment-methods-luxembourg-300x21.webp 300w, https://photographer.lu/wp-content/uploads/2022/10/payment-methods-luxembourg-550x38.webp 550w" sizes="(max-width: 581px) 100vw, 581px" /></p>
