{"id":28918,"date":"2023-01-04T11:23:48","date_gmt":"2023-01-04T11:23:48","guid":{"rendered":"https:\/\/photographer.lu\/?post_type=product&#038;p=28918"},"modified":"2023-09-28T11:09:35","modified_gmt":"2023-09-28T11:09:35","slug":"belval-esch-sur-alzette","status":"publish","type":"product","link":"https:\/\/photographer.lu\/fr\/photo\/belval-esch-sur-alzette\/","title":{"rendered":"Belval \u00e0 Esch-sur-Alzette"},"content":{"rendered":"<p>Photo <span style=\"color: #339966;\">commerciale<\/span> de b\u00e2timents d&rsquo;architecture moderne et de b\u00e2timents de l&rsquo;Universit\u00e9 du Luxembourg \u00e0 Belval, Esch-sur-Alzette, Luxembourg<\/p>\n<p>Cette image est disponible sous licence en t\u00e9l\u00e9chargement num\u00e9rique.<\/p>\n<p>Des tirages limit\u00e9s et des tirages libres sont disponibles.<\/p>\n","protected":false},"excerpt":{"rendered":"<p>B\u00e2timents modernes \u00e0 Belval, Esch-sur-Alzette<\/p>\n<p><img decoding=\"async\" class=\"alignnone size-full wp-image-22578\" src=\"https:\/\/photographer.lu\/wp-content\/uploads\/2022\/10\/payment-methods-luxembourg.webp\" alt=\"les m\u00e9thodes de paiement\" width=\"581\" height=\"40\" srcset=\"https:\/\/photographer.lu\/wp-content\/uploads\/2022\/10\/payment-methods-luxembourg.webp 581w, https:\/\/photographer.lu\/wp-content\/uploads\/2022\/10\/payment-methods-luxembourg-300x21.webp 300w, https:\/\/photographer.lu\/wp-content\/uploads\/2022\/10\/payment-methods-luxembourg-550x38.webp 550w\" sizes=\"(max-width: 581px) 100vw, 581px\" \/><\/p>\n","protected":false},"featured_media":27515,"comment_status":"closed","ping_status":"closed","template":"","meta":{"pgc_sgb_lightbox_settings":""},"product_brand":[],"product_cat":[703],"product_tag":[817,1433,1434,1435,1299,714,1027,709,715,1026,717,737,713,1231,1061],"class_list":{"0":"post-28918","1":"product","2":"type-product","3":"status-publish","4":"has-post-thumbnail","6":"product_cat-luxembourg-images-fr","7":"product_tag-architecture-fr","8":"product_tag-belval-fr","9":"product_tag-esch-fr","10":"product_tag-esch-sur-alzette-fr","11":"product_tag-fotos-fr","12":"product_tag-images-du-luxembourg","13":"product_tag-immeubles-de-bureaux","14":"product_tag-le-grand-duche-de-luxembourg","15":"product_tag-letzebuerg-fr","16":"product_tag-moderne","17":"product_tag-photoen","18":"product_tag-photographie-du-luxembourg","19":"product_tag-photos-du-luxembourg","20":"product_tag-rue","21":"product_tag-villes","22":"product_shipping_class-imprimes","24":"first","25":"instock","26":"taxable","27":"shipping-taxable","28":"purchasable","29":"product-type-variable"},"featured_image_urls_v2":{"full":["https:\/\/photographer.lu\/wp-content\/uploads\/2022\/12\/8784-L-IMG-3683-Belval-Esch-sur-Alzette-Luxembourg.webp",1200,814,false],"thumbnail":["https:\/\/photographer.lu\/wp-content\/uploads\/2022\/12\/8784-L-IMG-3683-Belval-Esch-sur-Alzette-Luxembourg-550x373.webp",550,373,true],"medium":["https:\/\/photographer.lu\/wp-content\/uploads\/2022\/12\/8784-L-IMG-3683-Belval-Esch-sur-Alzette-Luxembourg-300x204.webp",300,204,true],"medium_large":["https:\/\/photographer.lu\/wp-content\/uploads\/2022\/12\/8784-L-IMG-3683-Belval-Esch-sur-Alzette-Luxembourg-768x521.webp",768,521,true],"large":["https:\/\/photographer.lu\/wp-content\/uploads\/2022\/12\/8784-L-IMG-3683-Belval-Esch-sur-Alzette-Luxembourg.webp",1200,814,false],"1536x1536":["https:\/\/photographer.lu\/wp-content\/uploads\/2022\/12\/8784-L-IMG-3683-Belval-Esch-sur-Alzette-Luxembourg.webp",1200,814,false],"2048x2048":["https:\/\/photographer.lu\/wp-content\/uploads\/2022\/12\/8784-L-IMG-3683-Belval-Esch-sur-Alzette-Luxembourg.webp",1200,814,false],"woocommerce_archive_thumbnail":["https:\/\/photographer.lu\/wp-content\/uploads\/2022\/12\/8784-L-IMG-3683-Belval-Esch-sur-Alzette-Luxembourg-600x407.webp",600,407,true],"mailpoet_newsletter_max":["https:\/\/photographer.lu\/wp-content\/uploads\/2022\/12\/8784-L-IMG-3683-Belval-Esch-sur-Alzette-Luxembourg.webp",1200,814,false],"woocommerce_thumbnail":["https:\/\/photographer.lu\/wp-content\/uploads\/2022\/12\/8784-L-IMG-3683-Belval-Esch-sur-Alzette-Luxembourg-600x407.webp",600,407,true],"woocommerce_single":["https:\/\/photographer.lu\/wp-content\/uploads\/2022\/12\/8784-L-IMG-3683-Belval-Esch-sur-Alzette-Luxembourg.webp",1200,814,false],"woocommerce_gallery_thumbnail":["https:\/\/photographer.lu\/wp-content\/uploads\/2022\/12\/8784-L-IMG-3683-Belval-Esch-sur-Alzette-Luxembourg-120x120.webp",120,120,true],"jetpack-portfolio-admin-thumb":["https:\/\/photographer.lu\/wp-content\/uploads\/2022\/12\/8784-L-IMG-3683-Belval-Esch-sur-Alzette-Luxembourg-50x50.webp",50,50,true]},"post_excerpt_stackable_v2":"<p>B\u00e2timents modernes \u00e0 Belval, Esch-sur-Alzette<\/p>\n<p><img decoding=\"async\" class=\"alignnone size-full wp-image-22578\" src=\"https:\/\/photographer.lu\/wp-content\/uploads\/2022\/10\/payment-methods-luxembourg.webp\" alt=\"les m\u00e9thodes de paiement\" width=\"581\" height=\"40\" srcset=\"https:\/\/photographer.lu\/wp-content\/uploads\/2022\/10\/payment-methods-luxembourg.webp 581w, https:\/\/photographer.lu\/wp-content\/uploads\/2022\/10\/payment-methods-luxembourg-300x21.webp 300w, https:\/\/photographer.lu\/wp-content\/uploads\/2022\/10\/payment-methods-luxembourg-550x38.webp 550w\" sizes=\"(max-width: 581px) 100vw, 581px\" \/><\/p>\n","category_list_v2":"","author_info_v2":{"name":"","url":""},"comments_num_v2":"0 commentaire","acf":[],"jetpack_sharing_enabled":true,"_links":{"self":[{"href":"https:\/\/photographer.lu\/fr\/wp-json\/wp\/v2\/product\/28918","targetHints":{"allow":["GET"]}}],"collection":[{"href":"https:\/\/photographer.lu\/fr\/wp-json\/wp\/v2\/product"}],"about":[{"href":"https:\/\/photographer.lu\/fr\/wp-json\/wp\/v2\/types\/product"}],"replies":[{"embeddable":true,"href":"https:\/\/photographer.lu\/fr\/wp-json\/wp\/v2\/comments?post=28918"}],"wp:featuredmedia":[{"embeddable":true,"href":"https:\/\/photographer.lu\/fr\/wp-json\/wp\/v2\/media\/27515"}],"wp:attachment":[{"href":"https:\/\/photographer.lu\/fr\/wp-json\/wp\/v2\/media?parent=28918"}],"wp:term":[{"taxonomy":"product_brand","embeddable":true,"href":"https:\/\/photographer.lu\/fr\/wp-json\/wp\/v2\/product_brand?post=28918"},{"taxonomy":"product_cat","embeddable":true,"href":"https:\/\/photographer.lu\/fr\/wp-json\/wp\/v2\/product_cat?post=28918"},{"taxonomy":"product_tag","embeddable":true,"href":"https:\/\/photographer.lu\/fr\/wp-json\/wp\/v2\/product_tag?post=28918"}],"curies":[{"name":"wp","href":"https:\/\/api.w.org\/{rel}","templated":true}]}}

Belval à Esch-sur-Alzette

<p>Photo <span style="color: #339966;">commerciale</span> de bâtiments d&rsquo;architecture moderne et de bâtiments de l&rsquo;Université du Luxembourg à Belval, Esch-sur-Alzette, Luxembourg</p>
<p>Cette image est disponible sous licence en téléchargement numérique.</p>
<p>Des tirages limités et des tirages libres sont disponibles.</p>

<p>Bâtiments modernes à Belval, Esch-sur-Alzette</p>
<p><img decoding="async" class="alignnone size-full wp-image-22578" src="https://photographer.lu/wp-content/uploads/2022/10/payment-methods-luxembourg.webp" alt="les méthodes de paiement" width="581" height="40" srcset="https://photographer.lu/wp-content/uploads/2022/10/payment-methods-luxembourg.webp 581w, https://photographer.lu/wp-content/uploads/2022/10/payment-methods-luxembourg-300x21.webp 300w, https://photographer.lu/wp-content/uploads/2022/10/payment-methods-luxembourg-550x38.webp 550w" sizes="(max-width: 581px) 100vw, 581px" /></p>
